= 3*w - 77, -3*w + c + u = 5*c. Calculate the highest common divisor of 3 and w.
3
Let r = -9 + 11. Suppose r*d = -3*d + 50. Let a(i) = 7*i + 1. Let k be a(2). Calculate the greatest common factor of d and k.
5
Let p(a) = a - 1 - 3*a**2 + 6*a**2 + 4*a**2 + a**2. Let k be p(2). What is the greatest common factor of 3 and k?
3
Let u = -569 - -1283. Let t = 1065 - u. Let y be t/(-6)*(-8)/6. What is the highest common divisor of y and 13?
13
Suppose 3*m - 6 = q, 0*m - 4 = 5*q - 2*m. Suppose t + 15 = -q*t + 5*b, 0 = 5*t + 3*b - 37. What is the highest common divisor of t and 1?
1
Let b = -59 + 89. What is the highest common factor of b and 20?
10
Suppose -3*i - 28 = -4. Let f = -4 - i. Suppose -f*g + 0*g + 52 = 0. What is the highest common factor of 117 and g?
13
Let l(d) be the second derivative of 13*d**3/6 - d**2/2 - d. Let s = -121 + 123. Let m be l(s). Calculate the greatest common factor of m and 10.
5
Suppose 2*o - 6*o + 3*b + 456 = 0, 3*b - 12 = 0. Let g be (-52)/(-10)*20/8. What is the highest common factor of g and o?
13
Let a = -5 - -5. Suppose 3*h = 2*q - 13, -q - 4*h = -a*q - 1. Calculate the highest common factor of q and 5.
5
Let t(v) = -4*v - 21. Let l be t(-15). Calculate the highest common factor of 26 and l.
13
Let v be ((-68)/(-6))/(20/30). Suppose -2 = 2*w - 3*d + 4*d, 5*w - 5*d - 10 = 0. Let x be (-1 - -1) + (17 - w). Calculate the greatest common factor of v and x.
17
Let g = 9 + -2. Suppose -s + 2 = -g. Suppose 0*x + 5*x = 15. What is the highest common factor of s and x?
3
Suppose -100 - 8 = -b. Calculate the highest common divisor of b and 12.
12
Let b be 2/(-14) + (-30)/(-14). What is the highest common factor of 8 and b?
2
Let n(x) be the first derivative of x**4/4 + 10*x**3/3 + 4*x - 3. Let q be n(-10). Calculate the greatest common factor of 44 and q.
4
Let z(k) = 19*k**2 - k + 1. Let w be z(-1). What is the greatest common divisor of 14 and w?
7
Let z be (-2 - 1) + (3 + -1 - -4). Let w be ((-3)/(-2))/(1/22). Calculate the highest common factor of z and w.
3
Let p be (-4 - -5)/(2/66). Suppose -k + 2*o = -30, 3*k - p = 2*k + 3*o. Let j = 0 + 16. Calculate the greatest common divisor of k and j.
8
Let a be -3 + 51 + -3 + -1. Calculate the greatest common factor of a and 11.
11
Let k = 110 + -89. Let j = 18 + -11. Calculate the highest common factor of j and k.
7
Let z(k) = -3*k - 3. Let g be z(-3). Suppose -2*u = -g*u + 5*x + 32, u + 7 = 5*x. Suppose 5*d - 12 = u. What is the greatest common divisor of 20 and d?
5
Let g be (36/(-48))/(1/(-20)). What is the highest common factor of 6 and g?
3
Suppose 5*l - 4*m + 23 = 84, l - m - 12 = 0. Suppose 2*z + 2*t = 6*t, 0 = 5*z + 3*t + l. Let i be z + 30/(0 + 3). What is the highest common factor of 1 and i?
1
Suppose -4*t = -9*t + 10. Calculate the highest common factor of 10 and t.
2
Let i(j) = j - 9. Let h be i(4). Let k = h - -16. Calculate the greatest common factor of k and 121.
11
Let h(a) = -22*a - 3. Let k be h(-3). Suppose 0 = 37*s - 56*s + 133. Calculate the highest common divisor of s and k.
7
Suppose -9*x + 12 = -7*x. Calculate the highest common divisor of 2 and x.
2
Suppose -t = -12*t + 187. Let z be (-6)/(-21) + (-712)/(-7). Calculate the highest common divisor of z and t.
17
Let i(y) = y**2 + 4*y. Let g be i(-3). Let n be 1/g - 20/(-15). What is the greatest common factor of 1 and n?
1
Let o be (10/(-20))/(2/(-112)). Suppose 2*r - 4 = 10. What is the greatest common factor of o and r?
7
Let f(v) = v**2 - 7*v + 6. Let z be f(5). Let s be (z/10)/(1/(-40)). Suppose 4*p - 277 = -21. Calculate the greatest common divisor of p and s.
16
Let d(p) = -p**2 + 27*p + 48. Let z(w) = -7*w - 12. Let s(j) = -2*d(j) - 9*z(j). Let q be s(-6). Calculate the highest common divisor of q and 30.
30
Suppose 4*l - l = 5*g - 24, 10 = g + 2*l. Let m = 16 - g. Suppose 3*t - 36 = -2*b + 44, 2*b = -10. What is the highest common divisor of t and m?
10
Let b be (-2 + -1 + -2)*-1. Calculate the greatest common divisor of 45 and b.
5
Let d be 0 - (-2 - -3 - 56). Calculate the greatest common factor of 5 and d.
5
Let g(x) = x**3 + 6*x**2 + 5*x + 1. Let z be g(-4). Suppose 2 + 2 = h. Suppose -h*y + 251 = 43. Calculate the greatest common divisor of y and z.
13
Suppose 4*o - 2*k - 14 = 2*o, 4*o - k - 28 = 0. Let v(w) = 2*w + 4. Let a be v(o). Let z be 2/5*(-270)/(-3). Calculate the greatest common factor of z and a.
18
Let d(b) = 5*b + 1. Let i be d(2). Let o be (-2)/(-3)*(-363)/(-2). What is the greatest common divisor of o and i?
11
Let x = 111 - 93. Let b = 88 + -61. Calculate the highest common factor of b and x.
9
Let l = -13 + 10. Let n(v) = -2*v - 2. Let a be n(l). What is the highest common factor of a and 16?
4
Let i(l) = -80*l + 2. Let f be i(-1). Suppose -t = 2*s - f + 19, -5*t = -15. Calculate the highest common factor of s and 20.
10
Let r be (-8)/12*(-23 + -1). What is the highest common divisor of r and 64?
16
Let j be ((-7)/((-14)/54))/1. What is the highest common factor of j and 297?
27
Let d(q) = -q + 9. Let u be d(3). Calculate the greatest common divisor of u and 12.
6
Let u(i) = i**2 + 10*i + 7. Let q be u(-10). Suppose 110 = q*t - 2*t. Calculate the greatest common divisor of t and 11.
11
Suppose -6 = -5*j + 3*j. Suppose -j*o = 3*r - 153, -o + 0*r + 2*r = -63. Calculate the greatest common factor of 11 and o.
11
Let f(o) = -o + 19. Let i be f(0). Let h = -10 + i. Calculate the highest common factor of h and 9.
9
Let u(g) = -g**3 - 4*g**2 - 5*g - 2. Let c be u(-3). Let k(m) = 2*m - 6. Let y be k(c). Calculate the highest common divisor of 5 and y.
1
Suppose -3*n = -3*z + 3, z + z + 4*n = 32. Calculate the greatest common factor of z and 66.
6
Let l(x) = -x**3 - x**2 - x + 1. Let q be l(1). Let f be (-3)/((-12)/(-46))*q. Suppose 5*u = f - 3. What is the greatest common factor of u and 44?
4
Let n(s) be the second derivative of s**4/12 - 7*s**3/6 - 2*s**2 + 2*s. Let z be n(8). What is the greatest common divisor of 12 and z?
4
Suppose q = 6*q - 45. Let o be (3/q)/(4/72). What is the greatest common factor of o and 54?
6
Let w(d) = 2*d**3 + d**2 - 3*d. Let j be w(-3). Let h = 51 + j. What is the greatest common divisor of h and 6?
3
Let m = 15 + 11. What is the highest common factor of 39 and m?
13
Let r = -6 - -11. Suppose -78 = -3*v + 3*q, q - 10 - 90 = -r*v. Let g be 7*4/(3 + -1). Calculate the highest common factor of v and g.
7
Let i = 42 - 28. What is the greatest common factor of 126 and i?
14
Let p = -51 - -111. Calculate the highest common factor of p and 12.
12
Let p = 57 - 38. Suppose 4*b + 2*t = 602, -5*t - 150 - 169 = -2*b. What is the highest common divisor of p and b?
19
Let o(i) be the first derivative of -11*i**2/2 - 3. Let l be o(-10). Let m be 15/3*2/1. Calculate the greatest common factor of l and m.
10
Suppose 0 = 3*t - 0 + 12. Let q = t + 40. What is the greatest common divisor of q and 90?
18
Let q = 14 - 12. Suppose q*b + 6*f - 18 = 2*f, -10 = -5*f. What is the greatest common factor of b and 40?
5
Let w(u) = u + 1. Let c be w(6). Suppose -2*z = 4, -4*j = -c*j - 3*z + 12. What is the greatest common factor of 66 and j?
6
Let n(a) = -a + 8. Let m be n(6). Suppose 2*g - 700 = 3*s + s, 0 = -m*g + 2*s + 702. What is the highest common divisor of 32 and g?
32
Let o = -12 + 20. Let j(f) = -f**2 - 3*f + 41. Let a be j(5). What is the highest common factor of o and a?
1
Suppose 0 = b - 27 - 12. Let w = b - 69. Let l be w*1/(-3 + 1). What is the greatest common divisor of l and 15?
15
Let u(v) = -v**3 + v**2 - v. Let x be (0 - -2)/(2/(-3)). Let m be 1*(-1 + x) - 0. Let q be u(m). What is the highest common factor of 12 and q?
12
Suppose 5*p + f - 32 = 0, -3*f - 18 = 2*p - 6*p. Calculate the highest common factor of p and 3.
3
Let v(l) = -2*l - 4. Let r be v(-4). Suppose y + 4*b = 118, -r*y + 502 = -0*y + b. Calculate the greatest common factor of 14 and y.
14
Suppose 3 - 2 = k. Let p be k*(-2 + 0) - -98. Suppose -4*h = -p - 0. Calculate the greatest common factor of h and 12.
12
Let l = 9 - 5. Suppose -4*v = -g + 12, -l*v - 60 = -5*g - 0*v. Let j be 88/g*6/4. What is the greatest common divisor of j and 88?
11
Let g = -20 + 41. Let k = 9 - 6. Suppose 3 = 3*b, -s + 2 = k*b - 4. Calculate the greatest common divisor of g and s.
3
Let z(w) = -w**2 - 12*w + 1. L